greatest common divisor of 927 and 329703?
309
Calculate the highest common factor of 243493 and 28868365.
4127
What is the greatest common divisor of 136 and 22146240?
136
Calculate the greatest common divisor of 1019739251 and 32815.
6563
What is the highest common divisor of 20 and 41775680?
20
What is the greatest common factor of 2891478 and 13344?
834
Calculate the greatest common divisor of 270809376 and 2796.
2796
Calculate the highest common factor of 51886777 and 57.
19
What is the highest common divisor of 20 and 3817504?
4
Calculate the greatest common divisor of 106871160 and 1680.
120
What is the greatest common divisor of 251518 and 4087?
67
Calculate the highest common divisor of 77193 and 213597.
81
Calculate the highest common factor of 3492847 and 88537.
1247
What is the greatest common divisor of 3061404 and 1193316?
3324
What is the greatest common factor of 266 and 136712030?
266
What is the greatest common divisor of 143808848 and 40?
8
What is the greatest common factor of 57251390 and 6720?
70
What is the highest common factor of 9168 and 449262?
6
Calculate the highest common divisor of 4354619 and 3462.
577
What is the highest common factor of 736098 and 352?
22
What is the greatest common divisor of 108 and 43996023?
9
Calculate the highest common factor of 461232 and 7056.
144
Calculate the highest common factor of 146 and 21636981.
73
Calculate the greatest common factor of 781 and 4236793.
11
Calculate the greatest common divisor of 11248866 and 5168.
34
What is the greatest common factor of 11591 and 9352207?
173
Calculate the highest common factor of 11060 and 145192915.
2765
Calculate the highest common divisor of 264 and 4506678.
66
What is the highest common factor of 876870 and 11700?
90
Calculate the highest common factor of 615660 and 260.
20
What is the greatest common factor of 629918454 and 1914?
1914
What is the greatest common factor of 138 and 64821018?
6
What is the highest common factor of 2006 and 1427524?
34
Calculate the greatest common divisor of 369556 and 1906388.
1628
What is the highest common factor of 5475339 and 2?
1
What is the greatest common divisor of 387303 and 1701?
21
Calculate the greatest common divisor of 49672 and 9236331.
887
What is the greatest common factor of 2110 and 655577?
211
What is the highest common divisor of 756309 and 3503?
113
Calculate the highest common divisor of 12218130 and 495.
45
Calculate the highest common factor of 13216 and 3232551.
413
What is the highest common factor of 5858096 and 208?
16
Calculate the highest common divisor of 1574633 and 30019.
2729
Calculate the highest common divisor of 757550 and 10032325.
3475
What is the highest common divisor of 1725165 and 12987?
351
Calculate the greatest common divisor of 660196395 and 45.
45
Calculate the greatest common divisor of 6172200 and 184.
8
What is the greatest common factor of 22035 and 52746705?
1695
Calculate the highest common divisor of 15852 and 589588.
4
What is the greatest common factor of 328064 and 126016?
704
What is the highest common divisor of 54251109 and 100197?
11133
Calculate the highest common factor of 59 and 1730293.
59
What is the greatest common factor of 6 and 123540168?
6
Calculate the greatest common factor of 1217657 and 988743.
1379
Calculate the highest common divisor of 26072002 and 638.
22
What is the highest common factor of 561 and 15487901?
187
Calculate the highest common divisor of 9975 and 23670150.
525
What is the greatest common factor of 675181 and 6311123?
4043
Calculate the highest common divisor of 70 and 296104760.
70
What is the greatest common divisor of 1134 and 400456?
14
Calculate the greatest common factor of 498764 and 1792.
28
Calculate the greatest common factor of 9312513 and 21.
21
Calculate the highest common factor of 384852 and 228.
12
What is the highest common divisor of 10808028 and 756?
252
What is the highest common divisor of 826877 and 87?
29
Calculate the highest common factor of 9245116 and 148.
148
What is the highest common divisor of 5538225 and 1650?
825
What is the highest common factor of 3714060 and 106260?
420
What is the greatest common factor of 455742 and 8064?
126
Calculate the highest common factor of 1499520 and 9585.
1065
Calculate the greatest common divisor of 7539 and 64516249.
2513
What is the highest common factor of 13888897 and 20504?
2563
Calculate the greatest common factor of 1689 and 4785.
3
What is the highest common divisor of 9366955 and 265?
265
What is the greatest common divisor of 75124 and 191716?
28
What is the highest common factor of 1029282 and 408?
102
Calculate the greatest common divisor of 606 and 23407659.
303
What is the highest common divisor of 701127 and 111?
3
What is the highest common factor of 1630 and 8441118?
326
What is the greatest common divisor of 15 and 1011958?
1
Calculate the greatest common divisor of 26 and 523559686.
26
What is the highest common factor of 1728 and 13731309?
27
Calculate the greatest common divisor of 35334 and 18882.
18
Calculate the highest common factor of 12457314 and 1572.
786
Calculate the greatest common factor of 82 and 8591878.
82
What is the highest common factor of 51 and 1875?
3
Calculate the highest common divisor of 11932158 and 1.
1
What is the highest common divisor of 1303506 and 411777?
2727
What is the greatest common divisor of 16677987 and 87?
87
What is the greatest common factor of 249 and 65441184?
249
What is the highest common factor of 13760 and 516160?
320
Calculate the greatest common divisor of 496158 and 39.
39
Calculate the greatest common factor of 3059750 and 5.
5
Calculate the highest common factor of 1217692 and 94514.
2198
What is the greatest common factor of 11 and 164581?
1
What is the greatest common factor of 9888888 and 264?
24
Calculate the greatest common factor of 7987 and 2392915.
49
Calculate the highest common divisor of 162 and 1200328.
2
What is the greatest common divisor of 855868514 and 118?
118
Calculate the highest common factor of 200436 and 192.
12
Calculate the greatest common divisor of 2016 and 29859088.
112
Calculate the greatest common factor of 129952264 and 3796.
3796
Calculate the highest common divisor of 312 and 1260264.
24
Calculate the greatest common divisor of 70 and 2365608.
14
Calculate the highest common divisor of 326 and 54822931.
163
What is the greatest common factor of 411 and 57580141?
137
What is the greatest common divisor of 799392 and 330?
66
Calculate the highest common divisor of 3525 and 107895.
15
Calculate the greatest common factor of 223579415 and 290.
145
Calculate the highest common divisor of 1981115 and 10.
5
Calculate the greatest common divisor of 364164042 and 132.
66
Calculate the greatest common factor of 284383 and 830489.
1133
Calculate the highest common factor of 400 and 441179000.
200
Calculate the highest common factor of 621 and 1495557.
27
What is the highest common divisor of 22728664 and 56?
56
What is the highest common divisor of 1133838 and 207637?
2333
Calculate the highest common factor of 43421688 and 12312.
1368
Calculate the greatest common factor of 755 and 2245219.
151
Calculate the highest common divisor of 2323696032 and 7056.
7056
What is the highest common factor of 1904780 and 2700?
20
Calculate the highest common divisor of 640 and 23838160.
80
Calculate the greatest common factor of 71460900 and 20349.
1197
Calculate the greatest common factor of 6006 and 306012.
42
What is the highest common factor of 21646 and 1116428?
158
Calculate the greatest common factor of 53361253 and 152.
19
What is the highest common factor of 113 and 27962302?
113
What is the highest common factor of 273167704 and 3712?
232
What is the highest common divisor of 1022044 and 60?
4
Calculate the highest common factor of 10 and 27865690.
10
Calculate the highest common factor of 29694691 and 13.
13
Calculate the greatest common divisor of 677603395 and 1834.
917
What is the highest common factor of 5680161 and 106578?
279
What is the highest common divisor of 696 and 681094?
58
What is the greatest common divisor of 40 and 73513805?
5
Calculate the highest common divisor of 1951873 and 11088.
77
Calculate the highest common factor of 242337